{"id":1657,"date":"2020-05-14T20:53:57","date_gmt":"2020-05-14T18:53:57","guid":{"rendered":"https:\/\/www.buecking-kroeger.com\/?page_id=1657"},"modified":"2020-09-02T18:57:16","modified_gmt":"2020-09-02T16:57:16","slug":"no-secret-no-room-covid-19-version","status":"publish","type":"page","link":"https:\/\/buecking-kroeger.com\/index.php\/works\/no-secret-no-room-covid-19-version\/","title":{"rendered":"NO SECRET, NO ROOM (COVID 19 version)"},"content":{"rendered":"\n<p><\/p>\n\n\n\n<figure class=\"wp-block-image size-large\"><a href=\"https:\/\/www.buecking-kroeger.com\/wp-content\/uploads\/2019\/05\/b\u00fcckingkr\u00f6ger_Hyperbodies_pics-GP8-Mayra-Wallraff.jpg\"><img loading=\"lazy\" decoding=\"async\" width=\"1024\" height=\"768\" src=\"https:\/\/www.buecking-kroeger.com\/wp-content\/uploads\/2020\/05\/bu\u0308ckingkro\u0308ger_NO-SECRET-NO-ROOM-pic-by-Katharina-Meyer-1024x768.jpg\" alt=\"\" class=\"wp-image-1656\" srcset=\"https:\/\/buecking-kroeger.com\/wp-content\/uploads\/2020\/05\/bu\u0308ckingkro\u0308ger_NO-SECRET-NO-ROOM-pic-by-Katharina-Meyer-1024x768.jpg 1024w, https:\/\/buecking-kroeger.com\/wp-content\/uploads\/2020\/05\/bu\u0308ckingkro\u0308ger_NO-SECRET-NO-ROOM-pic-by-Katharina-Meyer-300x225.jpg 300w, https:\/\/buecking-kroeger.com\/wp-content\/uploads\/2020\/05\/bu\u0308ckingkro\u0308ger_NO-SECRET-NO-ROOM-pic-by-Katharina-Meyer-768x576.jpg 768w, https:\/\/buecking-kroeger.com\/wp-content\/uploads\/2020\/05\/bu\u0308ckingkro\u0308ger_NO-SECRET-NO-ROOM-pic-by-Katharina-Meyer-1536x1152.jpg 1536w, https:\/\/buecking-kroeger.com\/wp-content\/uploads\/2020\/05\/bu\u0308ckingkro\u0308ger_NO-SECRET-NO-ROOM-pic-by-Katharina-Meyer-2048x1536.jpg 2048w\" sizes=\"auto, (max-width: 1024px) 100vw, 1024px\" \/><\/a><\/figure>\n\n\n\n<p class=\"has-text-align-left\">Im heutigen Berlin wird Raum (wieder) eng. Viel Raum f\u00fcr sich zu haben ist ein Privileg. Doch welche Strategien sind n\u00f6tig, um auf wenigen Quadratmetern den Geist nicht eng werden zu lassen?<\/p>\n\n\n\n<p class=\"has-text-align-left\">\u201eNO SECRET, NO ROOM\u201c von b\u00fccking&amp;kr\u00f6ger war urspr\u00fcnglich als Tanzperformance auf kleinstm\u00f6glichem Raum (Galerieraum SOX, ein 2m hoher und 3m breiter Showroom) im Rahmen des Performing Arts Festivals 2020 geplant. Florian B\u00fccking und Raisa Kr\u00f6ger wollten hier eine hermetische Welt der \u00dcbungen\/ Exercises\/ Trainings entwickeln und ihre eigenen K\u00f6rper nach eingeschriebenen Bewegungs- und K\u00f6rpertechniken untersuchen. <\/p>\n\n\n\n<p class=\"has-text-align-left\">Entstanden ist stattdessen eine digitale Covid-19-Version, in der das Bild von zwei K\u00f6rpern auf engstem Raum eine ganz neue Dimension bekommt. Wie kann eine Arbeit, die auf k\u00f6rperlichen Kontakt angewiesen ist, weiter existieren und wie k\u00f6nnen wir Kontakt zwischen zwei K\u00f6rpern neu denken? Wie k\u00f6nnen wir unsere k\u00fcnstlerische Arbeit fortsetzen, wenn wir uns nicht ber\u00fchren k\u00f6nnen?<\/p>\n\n\n\n<p class=\"has-text-align-left\">Konzept, Choreografie und Performance: Florian B\u00fccking und Raisa Kr\u00f6ger<br>Sound: Julius Born<br>Kamera: Katharina Meyer<br><\/p>\n\n\n\n<p class=\"has-text-align-left\">Dank an: Johanna Withelm, Duncan McDade, SOX<br>Im Rahmen des Performing Arts Festivals 2020 @home<\/p>\n\n\n\n<p class=\"has-text-align-left\">Pr\u00e4sentation im Digital Showroom des Festivals<br>20. &#8211; 24.05.2020 &#8211; www.performingarts-festival.de<\/p>\n\n\n\n<p class=\"has-text-align-left\">Dauer: 4:15 min.<\/p>\n\n\n<p><iframe loading=\"lazy\" title=\"NO SECRET, NO ROOM\" src=\"https:\/\/player.vimeo.com\/video\/417165682?dnt=1&amp;app_id=122963\" width=\"975\" height=\"548\" frameborder=\"0\" allow=\"autoplay; fullscreen\" allowfullscreen><\/iframe><\/p>\n","protected":false},"excerpt":{"rendered":"<p>Im heutigen Berlin wird Raum (wieder) eng. Viel Raum f\u00fcr sich zu haben ist ein Privileg. Doch welche Strategien sind n\u00f6tig, um auf wenigen Quadratmetern den Geist nicht eng werden zu lassen? \u201eNO SECRET, NO ROOM\u201c von b\u00fccking&amp;kr\u00f6ger war urspr\u00fcnglich als Tanzperformance auf kleinstm\u00f6glichem Raum (Galerieraum SOX, ein 2m hoher und 3m breiter Showroom) im Rahmen des Performing Arts Festivals 2020 geplant. Florian B\u00fccking und &hellip;<\/p>\n","protected":false},"author":1,"featured_media":0,"parent":6,"menu_order":0,"comment_status":"closed","ping_status":"closed","template":"page-templates\/centered-page.php","meta":{"footnotes":""},"class_list":["post-1657","page","type-page","status-publish","hentry"],"jetpack_sharing_enabled":true,"_links":{"self":[{"href":"https:\/\/buecking-kroeger.com\/index.php\/wp-json\/wp\/v2\/pages\/1657","targetHints":{"allow":["GET"]}}],"collection":[{"href":"https:\/\/buecking-kroeger.com\/index.php\/wp-json\/wp\/v2\/pages"}],"about":[{"href":"https:\/\/buecking-kroeger.com\/index.php\/wp-json\/wp\/v2\/types\/page"}],"author":[{"embeddable":true,"href":"https:\/\/buecking-kroeger.com\/index.php\/wp-json\/wp\/v2\/users\/1"}],"replies":[{"embeddable":true,"href":"https:\/\/buecking-kroeger.com\/index.php\/wp-json\/wp\/v2\/comments?post=1657"}],"version-history":[{"count":36,"href":"https:\/\/buecking-kroeger.com\/index.php\/wp-json\/wp\/v2\/pages\/1657\/revisions"}],"predecessor-version":[{"id":1882,"href":"https:\/\/buecking-kroeger.com\/index.php\/wp-json\/wp\/v2\/pages\/1657\/revisions\/1882"}],"up":[{"embeddable":true,"href":"https:\/\/buecking-kroeger.com\/index.php\/wp-json\/wp\/v2\/pages\/6"}],"wp:attachment":[{"href":"https:\/\/buecking-kroeger.com\/index.php\/wp-json\/wp\/v2\/media?parent=1657"}],"curies":[{"name":"wp","href":"https:\/\/api.w.org\/{rel}","templated":true}]}}