{"id":2736,"date":"2022-03-30T21:06:07","date_gmt":"2022-03-30T19:06:07","guid":{"rendered":"https:\/\/www.buecking-kroeger.com\/?page_id=2736"},"modified":"2023-10-12T13:07:31","modified_gmt":"2023-10-12T11:07:31","slug":"five","status":"publish","type":"page","link":"https:\/\/buecking-kroeger.com\/index.php\/five\/","title":{"rendered":"FIVE"},"content":{"rendered":"<p style=\"text-align: center;\"><a href=\"https:\/\/www.buecking-kroeger.com\/wp-content\/uploads\/2022\/09\/D5089125-1-scaled.jpg\"><img loading=\"lazy\" decoding=\"async\" class=\"alignnone wp-image-2825 size-large\" src=\"https:\/\/www.buecking-kroeger.com\/wp-content\/uploads\/2022\/09\/D5089125-1-1024x683.jpg\" alt=\"\" width=\"975\" height=\"650\" srcset=\"https:\/\/buecking-kroeger.com\/wp-content\/uploads\/2022\/09\/D5089125-1-1024x683.jpg 1024w, https:\/\/buecking-kroeger.com\/wp-content\/uploads\/2022\/09\/D5089125-1-300x200.jpg 300w, https:\/\/buecking-kroeger.com\/wp-content\/uploads\/2022\/09\/D5089125-1-768x512.jpg 768w, https:\/\/buecking-kroeger.com\/wp-content\/uploads\/2022\/09\/D5089125-1-1536x1024.jpg 1536w, https:\/\/buecking-kroeger.com\/wp-content\/uploads\/2022\/09\/D5089125-1-2048x1365.jpg 2048w\" sizes=\"auto, (max-width: 975px) 100vw, 975px\" \/><\/a><\/p>\n<p style=\"text-align: left;\">In FIVE untersuchen f\u00fcnf T\u00e4nzer:innen verschiedene Anordungen, Dynamiken und Posen innerhalb einer Gruppe. Sie bewegen sich zwischen geometrischen Formationen, Schwarmverhalten, Bandposen und Chaos, arbeiten mit Bewegungsmotiven von Rudeln und Meuten und befragen immer wieder das Verh\u00e4ltnis zwischen Individuum und Gruppe. Sie schaukeln sich gegenseitig hoch, und sind auf der Suche nach Kippmomenten, bei denen der Gruppenk\u00f6rper aus seiner Form geht und ins Zerst\u00f6rerische kippt.\u00a0<\/p>\n<p style=\"text-align: left;\">Konzept, Choreographie, Tanz: Florian B\u00fccking, Raisa Kr\u00f6ger<br \/>Choreographie, Tanz: Simone Detig, Mathis Kleinschnittger, Julek Kreutzer<br \/>Dramaturgy, press, public relations: Johanna Withelm<br \/>Sound: Julius Born<br \/>Kost\u00fcme: Malena Mod\u00e9er<br \/>Licht: Martin Pilz Graphics: Fabian Reimann<br \/>Produktionsleitung: Katharina Meyer<\/p>\n<p style=\"text-align: left;\">Eine Produktion von b\u00fccking&amp;kr\u00f6ger in Kooperation mit dem Ballhaus Ost. Gef\u00f6rdert durch den Hauptstadtkulturfonds. Mit freundlicher Unterst\u00fctzung von Garage, Theaterhaus Mitte und tak \u2013 Theater Aufbau Kreuzberg.<\/p>\n<p style=\"text-align: left;\">Premiere<br \/>17.03.2022 &#8211; Ballhaus Ost, Berlin<\/p>\n<p style=\"text-align: left;\">Weitere Vorstellungen<br \/>18.03.2022 &#8211; Ballhaus Ost, Berlin<br \/>19.03.2022 &#8211; Ballhaus Ost, Berlin<br \/>20.03.2022 &#8211; Ballhaus Ost, Berlin<\/p>\n<p style=\"text-align: left;\">17.03.2023 &#8211; Ballhaus Ost, Berlin<br \/>18.03.2023 &#8211; Ballhaus Ost, Berlin<\/p>\n<p style=\"text-align: left;\">Dauer: 50 min.<\/p>\n<p><iframe loading=\"lazy\" src=\"https:\/\/player.vimeo.com\/video\/690435229?dnt=1&amp;app_id=122963\" width=\"975\" height=\"548\" frameborder=\"0\" allow=\"autoplay; fullscreen; picture-in-picture\"><\/iframe><\/p>\n\n\n<p><\/p>\n","protected":false},"excerpt":{"rendered":"<p>In FIVE untersuchen f\u00fcnf T\u00e4nzer:innen verschiedene Anordungen, Dynamiken und Posen innerhalb einer Gruppe. Sie bewegen sich zwischen geometrischen Formationen, Schwarmverhalten, Bandposen und Chaos, arbeiten mit Bewegungsmotiven von Rudeln und Meuten und befragen immer wieder das Verh\u00e4ltnis zwischen Individuum und Gruppe. Sie schaukeln sich gegenseitig hoch, und sind auf der Suche nach Kippmomenten, bei denen der Gruppenk\u00f6rper aus seiner Form geht und ins Zerst\u00f6rerische kippt.\u00a0 Konzept, &hellip;<\/p>\n","protected":false},"author":1,"featured_media":0,"parent":0,"menu_order":0,"comment_status":"closed","ping_status":"closed","template":"page-templates\/centered-page.php","meta":{"footnotes":""},"class_list":["post-2736","page","type-page","status-publish","hentry"],"jetpack_sharing_enabled":true,"_links":{"self":[{"href":"https:\/\/buecking-kroeger.com\/index.php\/wp-json\/wp\/v2\/pages\/2736","targetHints":{"allow":["GET"]}}],"collection":[{"href":"https:\/\/buecking-kroeger.com\/index.php\/wp-json\/wp\/v2\/pages"}],"about":[{"href":"https:\/\/buecking-kroeger.com\/index.php\/wp-json\/wp\/v2\/types\/page"}],"author":[{"embeddable":true,"href":"https:\/\/buecking-kroeger.com\/index.php\/wp-json\/wp\/v2\/users\/1"}],"replies":[{"embeddable":true,"href":"https:\/\/buecking-kroeger.com\/index.php\/wp-json\/wp\/v2\/comments?post=2736"}],"version-history":[{"count":20,"href":"https:\/\/buecking-kroeger.com\/index.php\/wp-json\/wp\/v2\/pages\/2736\/revisions"}],"predecessor-version":[{"id":3341,"href":"https:\/\/buecking-kroeger.com\/index.php\/wp-json\/wp\/v2\/pages\/2736\/revisions\/3341"}],"wp:attachment":[{"href":"https:\/\/buecking-kroeger.com\/index.php\/wp-json\/wp\/v2\/media?parent=2736"}],"curies":[{"name":"wp","href":"https:\/\/api.w.org\/{rel}","templated":true}]}}