{"id":3239,"date":"2023-02-22T14:56:49","date_gmt":"2023-02-22T13:56:49","guid":{"rendered":"https:\/\/www.buecking-kroeger.com\/?page_id=3239"},"modified":"2023-10-12T13:09:59","modified_gmt":"2023-10-12T11:09:59","slug":"practice","status":"publish","type":"page","link":"https:\/\/buecking-kroeger.com\/index.php\/practice\/","title":{"rendered":"PRACTICE"},"content":{"rendered":"<div class=\"wp-block-image\">\n<figure class=\"aligncenter size-large\"><img loading=\"lazy\" decoding=\"async\" width=\"1024\" height=\"682\" src=\"https:\/\/www.buecking-kroeger.com\/wp-content\/uploads\/2023\/02\/bk_PRACTICE-3-1024x682.jpg\" alt=\"\" class=\"wp-image-3256\" srcset=\"https:\/\/buecking-kroeger.com\/wp-content\/uploads\/2023\/02\/bk_PRACTICE-3-1024x682.jpg 1024w, https:\/\/buecking-kroeger.com\/wp-content\/uploads\/2023\/02\/bk_PRACTICE-3-300x200.jpg 300w, https:\/\/buecking-kroeger.com\/wp-content\/uploads\/2023\/02\/bk_PRACTICE-3-768x512.jpg 768w, https:\/\/buecking-kroeger.com\/wp-content\/uploads\/2023\/02\/bk_PRACTICE-3.jpg 1280w\" sizes=\"auto, (max-width: 1024px) 100vw, 1024px\" \/><\/figure>\n<\/div>\n\n\n<p class=\"has-text-align-center\"><\/p>\n\n\n\n<p class=\"has-text-align-left\">PRACTICE von b\u00fccking&amp;kr\u00f6ger ist eine choreografische Arbeit \u00fcber das \u00dcben. Zwei T\u00e4nzer:innen besch\u00e4ftigen sich mit Techniken des Wiederholens und \u00dcbens und umkreisen Fragen von Virtuosit\u00e4t und von K\u00f6rpertechniken als Bew\u00e4ltigungsstrategien. Wie haben sich bestimmte Bewegungstechniken in unsere K\u00f6rper eingeschrieben? Wie sind wir geworden was wir sind, wie beeinflussen uns unsere \u00fcber Jahrzehnte eintrainierte Bewegungstechniken und wie determinieren sie unsere k\u00fcnstlerische Praxis? Florian B\u00fccking und Raisa Kr\u00f6ger begeben sich mit k\u00f6rperlichen \u00dcbungen auf die Suche nach Perfektion und nach pers\u00f6nlicher Resilienz des K\u00f6rpers \u2013 und sind sich zugleich dem permanenten Scheitern und der nicht abzutrainierenden k\u00f6rperlichen Verwundbarkeit bewusst.<\/p>\n\n\n\n<p class=\"has-text-align-left\">Konzept \/ Choreografie \/Tanz: Florian Bu\u0308cking, Raisa Kro\u0308ger<br>Dramaturgie \/ Presse\/\u00d6A: Johanna Withelm<br>Sound: Julius Born<br>Kostu\u0308m: Malena Mod\u00e9er<br>Licht: Martin Pilz<br>B\u00fchnenbild: Daniel Pakendorf<br>Grafik: Fabian Reimann<br>Produktionsleitung: Katharina Meyer<br>Photo: Mayra Wallraff<\/p>\n\n\n\n<p class=\"has-text-align-left\">Eine Produktion von b\u00fccking&amp;kr\u00f6ger.<br>Gefo\u0308rdert vom Fonds Darstellende Ku\u0308nste aus Mitteln der Beauftragten der Bundesregierung fu\u0308r Kultur und Medien im Rahmen von NEUSTART KULTUR.<br>Unterst\u00fctzt von Garage.<\/p>\n\n\n\n<p class=\"has-text-align-left\">Premiere:<br>15.12.2022 &#8211; Dock 11, Berlin<\/p>\n\n\n\n<p class=\"has-text-align-left\">Weitere Vorstellungen:<br>16.12.2022 &#8211; Dock11, Berlin<br>17.12.2022 &#8211; Dock11, Berlin<br>18.12.2022 &#8211; Dock11, Berlin<br><\/p>\n\n\n\n<p class=\"has-text-align-left\">Dauer: 50 min.<\/p>\n\n\n<p><iframe loading=\"lazy\" src=\"https:\/\/player.vimeo.com\/video\/784953480?h=754c46e861&amp;dnt=1&amp;app_id=122963\" width=\"975\" height=\"548\" frameborder=\"0\" allow=\"autoplay; fullscreen; picture-in-picture\" allowfullscreen><\/iframe><\/p>","protected":false},"excerpt":{"rendered":"<p>PRACTICE von b\u00fccking&amp;kr\u00f6ger ist eine choreografische Arbeit \u00fcber das \u00dcben. Zwei T\u00e4nzer:innen besch\u00e4ftigen sich mit Techniken des Wiederholens und \u00dcbens und umkreisen Fragen von Virtuosit\u00e4t und von K\u00f6rpertechniken als Bew\u00e4ltigungsstrategien. Wie haben sich bestimmte Bewegungstechniken in unsere K\u00f6rper eingeschrieben? Wie sind wir geworden was wir sind, wie beeinflussen uns unsere \u00fcber Jahrzehnte eintrainierte Bewegungstechniken und wie determinieren sie unsere k\u00fcnstlerische Praxis? Florian B\u00fccking und Raisa &hellip;<\/p>\n","protected":false},"author":1,"featured_media":0,"parent":0,"menu_order":0,"comment_status":"closed","ping_status":"closed","template":"page-templates\/centered-page.php","meta":{"footnotes":""},"class_list":["post-3239","page","type-page","status-publish","hentry"],"jetpack_sharing_enabled":true,"_links":{"self":[{"href":"https:\/\/buecking-kroeger.com\/index.php\/wp-json\/wp\/v2\/pages\/3239","targetHints":{"allow":["GET"]}}],"collection":[{"href":"https:\/\/buecking-kroeger.com\/index.php\/wp-json\/wp\/v2\/pages"}],"about":[{"href":"https:\/\/buecking-kroeger.com\/index.php\/wp-json\/wp\/v2\/types\/page"}],"author":[{"embeddable":true,"href":"https:\/\/buecking-kroeger.com\/index.php\/wp-json\/wp\/v2\/users\/1"}],"replies":[{"embeddable":true,"href":"https:\/\/buecking-kroeger.com\/index.php\/wp-json\/wp\/v2\/comments?post=3239"}],"version-history":[{"count":8,"href":"https:\/\/buecking-kroeger.com\/index.php\/wp-json\/wp\/v2\/pages\/3239\/revisions"}],"predecessor-version":[{"id":3261,"href":"https:\/\/buecking-kroeger.com\/index.php\/wp-json\/wp\/v2\/pages\/3239\/revisions\/3261"}],"wp:attachment":[{"href":"https:\/\/buecking-kroeger.com\/index.php\/wp-json\/wp\/v2\/media?parent=3239"}],"curies":[{"name":"wp","href":"https:\/\/api.w.org\/{rel}","templated":true}]}}