{"id":865,"date":"2017-08-28T21:18:23","date_gmt":"2017-08-28T19:18:23","guid":{"rendered":"https:\/\/www.buecking-kroeger.com\/?page_id=865"},"modified":"2020-09-02T19:14:11","modified_gmt":"2020-09-02T17:14:11","slug":"pornografie-der-emotionen","status":"publish","type":"page","link":"https:\/\/buecking-kroeger.com\/index.php\/works\/pornografie-der-emotionen\/","title":{"rendered":"Pornografie der Emotionen"},"content":{"rendered":"<p style=\"text-align: center;\"><a href=\"https:\/\/www.buecking-kroeger.com\/wp-content\/uploads\/2017\/09\/1020057.jpg\"><img loading=\"lazy\" decoding=\"async\" class=\"alignnone wp-image-915 size-large\" src=\"https:\/\/www.buecking-kroeger.com\/wp-content\/uploads\/2017\/09\/1020057-1024x768.jpg\" alt=\"\" width=\"975\" height=\"731\" srcset=\"https:\/\/buecking-kroeger.com\/wp-content\/uploads\/2017\/09\/1020057-1024x768.jpg 1024w, https:\/\/buecking-kroeger.com\/wp-content\/uploads\/2017\/09\/1020057-300x225.jpg 300w, https:\/\/buecking-kroeger.com\/wp-content\/uploads\/2017\/09\/1020057-768x576.jpg 768w\" sizes=\"auto, (max-width: 975px) 100vw, 975px\" \/><\/a><\/p>\n<p style=\"text-align: left;\">Jenseits von Repr\u00e4sentation und Drama untersuchen b\u00fccking&amp;kr\u00f6ger die K\u00f6rperlichkeit von Emotionen und stellen Annahmen von Selbstbildern, Lesbarkeit und Interpretation in Frage. Eine choreografische Arbeit \u00fcber die \u00dcberh\u00f6hung und den Ausverkauf menschlicher Gef\u00fchle.<\/p>\n<p style=\"text-align: left;\">Konzept, Choreografie, Performance: Florian B\u00fccking und Raisa Kr\u00f6ger<br \/>\nMusik, Komposition: Constantin Popp<br \/>\nRaum, Grafik: Fabian Reimann<br \/>\nProduktionsdramaturgie: Johanna Withelm<\/p>\n<p style=\"text-align: left;\">Gef\u00f6rdert vom Bezirksamt Pankow &#8211; Fachbereich Kunst und Kultur, sowie erm\u00f6glicht durch die Berliner Senatskanzlei (Recherchestipendium 2016).<br \/>\nDank an: battleROYAL, garage<\/p>\n<p style=\"text-align: left;\">&#8222;Mit &#8222;Pornografie der Emotionen&#8220; skizziert das Duo b\u00fccking&amp;kr\u00f6ger eine Metapher f\u00fcr den wandelnden digitalen &#8222;Zeit-K\u00f6rper&#8220; und zeigt, dass auch abstrahierte Gef\u00fchle G\u00e4nsehaut ausl\u00f6sen k\u00f6nnen&#8220; (Kritikerin: Christine Matschke; Quelle: <a href=\"http:\/\/www.tanzraumberlin.de\/bueckingundkroeger-Pornographie--1947-0.html\">http:\/\/www.tanzraumberlin.de\/bueckingundkroeger-Pornographie&#8211;1947-0.html<\/a>)<\/p>\n<p style=\"text-align: left;\">Premiere:<br \/>\n21.09.2017 &#8211; Ballhaus Ost, Berlin<\/p>\n<p style=\"text-align: left;\">weitere Vorstellungen:<br \/>\n22.09.2017 &#8211; Ballhaus Ost, Berlin<br \/>\n23.09.2017 &#8211; Ballhaus Ost, Berlin<\/p>\n<p style=\"text-align: left;\">Dauer: 53 min.<\/p>\n<p><iframe loading=\"lazy\" src=\"https:\/\/player.vimeo.com\/video\/235125321?dnt=1&amp;app_id=122963\" width=\"975\" height=\"548\" frameborder=\"0\" allow=\"autoplay; fullscreen\" allowfullscreen><\/iframe><\/p>\n","protected":false},"excerpt":{"rendered":"<p>Jenseits von Repr\u00e4sentation und Drama untersuchen b\u00fccking&amp;kr\u00f6ger die K\u00f6rperlichkeit von Emotionen und stellen Annahmen von Selbstbildern, Lesbarkeit und Interpretation in Frage. Eine choreografische Arbeit \u00fcber die \u00dcberh\u00f6hung und den Ausverkauf menschlicher Gef\u00fchle. Konzept, Choreografie, Performance: Florian B\u00fccking und Raisa Kr\u00f6ger Musik, Komposition: Constantin Popp Raum, Grafik: Fabian Reimann Produktionsdramaturgie: Johanna Withelm Gef\u00f6rdert vom Bezirksamt Pankow &#8211; Fachbereich Kunst und Kultur, sowie erm\u00f6glicht durch die Berliner &hellip;<\/p>\n","protected":false},"author":1,"featured_media":0,"parent":6,"menu_order":0,"comment_status":"closed","ping_status":"closed","template":"page-templates\/centered-page.php","meta":{"footnotes":""},"class_list":["post-865","page","type-page","status-publish","hentry"],"jetpack_sharing_enabled":true,"_links":{"self":[{"href":"https:\/\/buecking-kroeger.com\/index.php\/wp-json\/wp\/v2\/pages\/865","targetHints":{"allow":["GET"]}}],"collection":[{"href":"https:\/\/buecking-kroeger.com\/index.php\/wp-json\/wp\/v2\/pages"}],"about":[{"href":"https:\/\/buecking-kroeger.com\/index.php\/wp-json\/wp\/v2\/types\/page"}],"author":[{"embeddable":true,"href":"https:\/\/buecking-kroeger.com\/index.php\/wp-json\/wp\/v2\/users\/1"}],"replies":[{"embeddable":true,"href":"https:\/\/buecking-kroeger.com\/index.php\/wp-json\/wp\/v2\/comments?post=865"}],"version-history":[{"count":65,"href":"https:\/\/buecking-kroeger.com\/index.php\/wp-json\/wp\/v2\/pages\/865\/revisions"}],"predecessor-version":[{"id":1997,"href":"https:\/\/buecking-kroeger.com\/index.php\/wp-json\/wp\/v2\/pages\/865\/revisions\/1997"}],"up":[{"embeddable":true,"href":"https:\/\/buecking-kroeger.com\/index.php\/wp-json\/wp\/v2\/pages\/6"}],"wp:attachment":[{"href":"https:\/\/buecking-kroeger.com\/index.php\/wp-json\/wp\/v2\/media?parent=865"}],"curies":[{"name":"wp","href":"https:\/\/api.w.org\/{rel}","templated":true}]}}